mon factor of 114670 and 290.
10
Calculate the highest common divisor of 759 and 6468.
33
Calculate the greatest common factor of 15048 and 288.
72
Calculate the greatest common divisor of 8175 and 45.
15
What is the greatest common factor of 36 and 552276?
36
Calculate the highest common divisor of 97612 and 552.
92
What is the greatest common divisor of 34 and 230911?
17
Calculate the highest common divisor of 22882 and 2176.
34
What is the highest common factor of 62726 and 3160?
158
What is the highest common divisor of 2009 and 644?
7
Calculate the highest common divisor of 84933 and 54.
9
Calculate the greatest common factor of 6735 and 225398.
449
Calculate the greatest common factor of 2328 and 424.
8
Calculate the greatest common divisor of 219 and 157972.
73
What is the highest common factor of 56 and 186328?
8
Calculate the highest common factor of 96416 and 73884.
524
Calculate the highest common factor of 218006 and 456.
38
Calculate the greatest common divisor of 15075 and 1791.
9
What is the greatest common divisor of 109 and 237184?
109
Calculate the greatest common divisor of 1723847 and 58.
29
Calculate the greatest common factor of 6690 and 318.
6
What is the greatest common factor of 3843 and 42?
21
Calculate the greatest common factor of 30755 and 330.
5
Calculate the greatest common factor of 275 and 123145.
55
Calculate the greatest common divisor of 39012 and 1524.
12
Calculate the greatest common factor of 8988 and 8092.
28
Calculate the greatest common factor of 3090 and 300.
30
What is the greatest common factor of 296 and 20017?
37
What is the greatest common factor of 266 and 161861?
133
Calculate the greatest common divisor of 264 and 58128.
24
What is the highest common divisor of 145 and 254069?
29
What is the greatest common factor of 6024 and 62750?
502
Calculate the greatest common divisor of 285 and 292620.
15
Calculate the greatest common divisor of 224492 and 4.
4
Calculate the greatest common factor of 161965 and 725.
145
Calculate the highest common divisor of 20836 and 6.
2
What is the greatest common factor of 3663225 and 150?
75
Calculate the greatest common factor of 75537 and 252.
63
Calculate the highest common factor of 1513 and 687258.
89
Calculate the greatest common factor of 649373 and 503.
503
Calculate the greatest common factor of 34 and 4410.
2
What is the highest common factor of 285069 and 5511?
501
Calculate the highest common divisor of 8 and 179836.
4
Calculate the greatest common divisor of 101935 and 95.
95
Calculate the greatest common factor of 45 and 44883.
9
What is the highest common factor of 100 and 435380?
20
What is the highest common divisor of 135 and 6628905?
135
What is the highest common factor of 4715 and 1495?
115
Calculate the highest common divisor of 76 and 1533509.
19
Calculate the greatest common divisor of 1438717 and 141.
47
Calculate the greatest common factor of 99266 and 16.
2
Calculate the greatest common divisor of 68 and 3028.
4
What is the highest common factor of 240 and 392055?
15
What is the highest common divisor of 57725 and 1400?
25
Calculate the highest common divisor of 7 and 36379.
7
What is the greatest common divisor of 1724 and 1616250?
862
Calculate the highest common divisor of 45452 and 176.
44
Calculate the greatest common factor of 41346 and 432.
18
Calculate the greatest common factor of 12 and 847470.
6
What is the highest common factor of 1820 and 3358810?
910
What is the greatest common factor of 2691 and 2392?
299
Calculate the greatest common factor of 611892 and 1564.
92
What is the highest common factor of 243580 and 60?
20
Calculate the highest common factor of 8 and 59084.
4
What is the highest common factor of 792 and 227898?
198
Calculate the highest common divisor of 4041 and 288.
9
What is the highest common factor of 1518 and 3234?
66
What is the highest common factor of 16311090 and 6?
6
What is the greatest common divisor of 796 and 694510?
398
What is the highest common divisor of 16207 and 247?
19
Calculate the highest common divisor of 409550 and 50.
50
What is the highest common factor of 393057 and 119?
119
What is the greatest common divisor of 916550 and 5750?
1150
Calculate the highest common factor of 170 and 34520.
10
What is the highest common divisor of 7904 and 1285388?
988
What is the highest common divisor of 3302 and 286?
26
Calculate the greatest common divisor of 222 and 270951.
111
What is the highest common divisor of 8138 and 26?
26
What is the greatest common divisor of 85170 and 68?
34
Calculate the highest common factor of 31671 and 4324.
23
Calculate the highest common divisor of 2305 and 1260.
5
Calculate the greatest common divisor of 1233159 and 708.
177
What is the highest common divisor of 360 and 18432?
72
Calculate the highest common divisor of 7680 and 588.
12
Calculate the highest common factor of 804 and 288.
12
Calculate the greatest common divisor of 6014 and 279.
31
Calculate the greatest common factor of 103235 and 110.
55
Calculate the highest common factor of 110 and 19470.
110
Calculate the greatest common divisor of 615735 and 270.
135
Calculate the greatest common factor of 152010 and 1080.
270
Calculate the greatest common divisor of 427896 and 648.
216
Calculate the highest common divisor of 2935787 and 13793.
1061
What is the highest common divisor of 55 and 75185?
55
Calculate the greatest common factor of 21525 and 169575.
525
Calculate the greatest common divisor of 16929 and 76494.
627
Calculate the highest common factor of 8694 and 535923.
621
What is the greatest common divisor of 380 and 29868?
76
Calculate the highest common divisor of 99 and 362582.
11
Calculate the highest common factor of 174 and 331998.
6
Calculate the highest common divisor of 228 and 98382.
114
What is the highest common divisor of 116 and 2996?
4
Calculate the highest common divisor of 15587 and 3289.
143
Calculate the highest common divisor of 67595 and 110.
55
What is the greatest common divisor of 5940 and 62172?
396
What is the highest common factor of 117572 and 304?
76
Calculate the greatest common factor of 143668 and 140.
28
What is the greatest common factor of 923 and 10699?
13
What is the highest common factor of 935 and 46410?
85
What is the highest common divisor of 2830058 and 1870?
374
What is the highest common divisor of 340 and 741472?
68
Calculate the highest common factor of 485 and 22213.
97
What is the highest common factor of 38178 and 1512?
378
What is the greatest common factor of 450 and 60030?
90
Calculate the greatest common factor of 66 and 55066.
22
Calculate the highest common factor of 4184 and 13075.
523
What is the greatest common factor of 6204 and 6721?
517
What is the highest common divisor of 1408 and 61264?
16
Calculate the greatest common factor of 2924 and 8858.
86
What is the greatest common divisor of 197346 and 186?
186
What is the greatest common divisor of 33134 and 10?
2
What is the highest common divisor of 10230 and 245190?
330
What is the greatest common factor of 65 and 363597?
13
What is the highest common factor of 9512273 and 367?
367
Calculate the greatest common divisor of 253 and 2416403.
253
Calculate the greatest common divisor of 452460 and 195.
15
Calculate the greatest common factor of 63 and 59049.
9
Calculate the greatest common factor of 1947 and 3363.
177
Calculate the highest common factor of 777 and 882.
21
What is the highest common divisor of 923 and 520?
13
What is the greatest common divisor of 68 and 479298?
34
Calculate the greatest common factor of 3465408 and 432.
48
What is the highest common factor of 109018 and 7?
7
What is the highest common divisor of 1515 and 2085?
15
What is the highest common divisor of 1566 and 762?
6
What is the greatest common divisor of 5056 and 1136?
16
Calculate the greatest common factor of 416 and 19084.
52
Calculate the greatest common divisor of 2964 and 378252.
228
Calculate the greatest common factor of 216 and 70362.
54
What is the highest common factor of 20532 and 174?
174
Calculate the highest common divisor of 470 and 4870.
10
What is the greatest common factor of 4681 and 31?
31
Calculate the highest common factor of 500 and 254250.
250
What is the greatest common diviso